 digit of 205?
0
What is the tens digit of 26576?
7
What is the units digit of 68?
8
What is the hundreds digit of 10420?
4
What is the hundreds digit of 25770?
7
What is the units digit of 624?
4
What is the tens digit of 121285?
8
What is the hundreds digit of 2909?
9
What is the tens digit of 64329?
2
What is the tens digit of 11747?
4
What is the units digit of 21437?
7
What is the thousands digit of 18975?
8
What is the ten thousands digit of 10462?
1
What is the tens digit of 1439?
3
What is the units digit of 1584?
4
What is the thousands digit of 28241?
8
What is the thousands digit of 51311?
1
What is the units digit of 26830?
0
What is the hundreds digit of 6769?
7
What is the tens digit of 5706?
0
What is the units digit of 43606?
6
What is the thousands digit of 36268?
6
What is the tens digit of 11062?
6
What is the hundreds digit of 149?
1
What is the hundreds digit of 3410?
4
What is the hundreds digit of 9034?
0
What is the thousands digit of 5689?
5
What is the thousands digit of 9673?
9
What is the tens digit of 9080?
8
What is the thousands digit of 1653?
1
What is the tens digit of 234?
3
What is the tens digit of 566?
6
What is the tens digit of 462?
6
What is the tens digit of 967?
6
What is the ten thousands digit of 30003?
3
What is the hundreds digit of 8756?
7
What is the hundreds digit of 57900?
9
What is the units digit of 11955?
5
What is the tens digit of 318?
1
What is the hundreds digit of 5105?
1
What is the ten thousands digit of 17567?
1
What is the hundreds digit of 21062?
0
What is the tens digit of 4513?
1
What is the hundreds digit of 936?
9
What is the hundreds digit of 614?
6
What is the tens digit of 446?
4
What is the hundreds digit of 1808?
8
What is the hundreds digit of 2191?
1
What is the ten thousands digit of 15691?
1
What is the thousands digit of 8870?
8
What is the units digit of 2325?
5
What is the units digit of 3218?
8
What is the tens digit of 2651?
5
What is the thousands digit of 1022?
1
What is the thousands digit of 2548?
2
What is the ten thousands digit of 31350?
3
What is the hundreds digit of 5238?
2
What is the hundreds digit of 20381?
3
What is the ten thousands digit of 177761?
7
What is the units digit of 1074?
4
What is the hundreds digit of 7424?
4
What is the hundreds digit of 880?
8
What is the thousands digit of 1312?
1
What is the tens digit of 1400?
0
What is the hundreds digit of 665?
6
What is the tens digit of 707?
0
What is the ten thousands digit of 16488?
1
What is the hundreds digit of 2267?
2
What is the tens digit of 86054?
5
What is the units digit of 168325?
5
What is the hundreds digit of 1944?
9
What is the units digit of 2437?
7
What is the units digit of 952?
2
What is the units digit of 24433?
3
What is the tens digit of 2224?
2
What is the hundreds digit of 3541?
5
What is the units digit of 8238?
8
What is the units digit of 5695?
5
What is the units digit of 25474?
4
What is the thousands digit of 1802?
1
What is the units digit of 7142?
2
What is the hundreds digit of 28787?
7
What is the tens digit of 60?
6
What is the tens digit of 1560?
6
What is the units digit of 97?
7
What is the hundreds digit of 134?
1
What is the hundreds digit of 113584?
5
What is the units digit of 887?
7
What is the tens digit of 9258?
5
What is the tens digit of 319?
1
What is the ten thousands digit of 84249?
8
What is the hundreds digit of 2671?
6
What is the hundreds digit of 506?
5
What is the thousands digit of 5187?
5
What is the thousands digit of 2097?
2
What is the tens digit of 4209?
0
What is the hundreds digit of 616?
6
What is the thousands digit of 6666?
6
What is the units digit of 284?
4
What is the units digit of 7402?
2
What is the units digit of 85?
5
What is the thousands digit of 35493?
5
What is the hundreds digit of 3399?
3
What is the units digit of 4687?
7
What is the tens digit of 2354?
5
What is the hundreds digit of 7889?
8
What is the thousands digit of 1061?
1
What is the units digit of 342?
2
What is the hundreds digit of 1067?
0
What is the thousands digit of 2279?
2
What is the tens digit of 1502?
0
What is the hundreds digit of 2271?
2
What is the thousands digit of 27806?
7
What is the thousands digit of 1454?
1
What is the tens digit of 845?
4
What is the units digit of 1050?
0
What is the tens digit of 430?
3
What is the tens digit of 186?
8
What is the ten thousands digit of 24681?
2
What is the hundreds digit of 27502?
5
What is the units digit of 22762?
2
What is the hundreds digit of 3474?
4
What is the units digit of 31598?
8
What is the ten thousands digit of 61301?
6
What is the tens digit of 6492?
9
What is the hundreds digit of 48288?
2
What is the units digit of 3276?
6
What is the tens digit of 4491?
9
What is the hundreds digit of 1180?
1
What is the tens digit of 3104?
0
What is the units digit of 22786?
6
What is the thousands digit of 2334?
2
What is the hundreds digit of 2433?
4
What is the thousands digit of 7941?
7
What is the units digit of 8267?
7
What is the tens digit of 27064?
6
What is the units digit of 587?
7
What is the hundreds digit of 16153?
1
What is the hundred thousands digit of 187228?
1
What is the hundreds digit of 426?
4
What is the units digit of 5555?
5
What is the tens digit of 2801?
0
What is the tens digit of 1283?
8
What is the tens digit of 2372?
7
What is the hundreds digit of 898?
8
What is the thousands digit of 2104?
2
What is the units digit of 5471?
1
What is the hundreds digit of 681?
6
What is the tens digit of 870?
7
What is the tens digit of 360?
6
What is the units digit of 612?
2
What is the units digit of 734?
4
What is the tens digit of 48394?
9
What is the hundreds digit of 1903?
9
What is the thousands digit of 41307?
1
What is the tens digit of 11523?
2
What is the thousands digit of 25237?
5
What is the thousands digit of 3241?
3
What is the tens digit of 6971?
7
What is the thousands digit of 9863?
9
What is the thousands digit of 13345?
3
What is the thousands digit of 25484?
5
What is the hundreds digit of 5011?
0
What is the units digit of 35489?
9
What is the thousands digit of 2236?
2
What is the ten thousands digit of 55299?
5
What is the units digit of 1031?
1
What is the units digit of 7490?
0
What is the hundreds digit of 1395?
3
What is the units digit of 23?
3
What is the hundreds digit of 170105?
1
What is the hundreds digit of 8773?
7
What is the hundreds digit of 800?
8
What is the tens digit of 72?
7
What is the units digit of 18897?
7
What is the units digit of 92360?
0
What is the units digit of 11125?
5
What is the units digit of 56427?
7
What is the ten thousands digit of 10325?
1
What is the ten thousands digit of 19244?
1
What is the units digit of 196?
6
What is the hundreds digit of 5156?
1
What is the units digit of 924?
4
What is the tens digit of 312?
1
What is the hundreds digit of 1545?
5
What is the tens digit of 3877?
7
What is the hundreds digit of 14627?
6
What is the units digit of 779?
9
What is the units digit of 23392?
2
What is the tens digit of 3005?
0
What is the units digit of 2140?
0
What is the tens digit of 1901?
0
What is the units digit of 963?
3
What is the tens digit of 1288?
8
What is the hundreds digit of 1966?
9
What is the units digit of 70188?
8
What is the hundreds digit of 15708?
7
What is the thousands digit of 1596?
1
What is the units digit of 7719?
9
What is the ten thousands digit of 27959?
2
What is the units digit of 20262?
2
What is the tens digit of 550?
5
What is the hundreds digit of 214?
2
What is the tens digit of 49075?
7
What is the units digit of 24443?
3
What is the units digit of 901?
1
What is the tens digit of 861?
6
What is the tens digit of 343?
4
What is the tens digit of 17225?
2
What is the thousands digit of 29396?
9
What is the thousands digit of 14755?
4
What is the tens digit of 105?
0
What is the thousands digit of 1479?
1
What is the hundreds digit of 630?
6
What is the hundreds digit of 4539?
5
What is the thousands digit of 3542?
3
What is the hundreds digit of 3162?
1
What is the ten thousands digit of 13984?
1
What is the hundreds digit of 14031?
0
What is the units digit of 72?
2
What is the tens digit of 7411?
1
What is the tens digit of 11726?
2
What is the thousands digit of 3